er?
True
Is 4307 composite?
True
Is 132539 a composite number?
True
Is 39293 a composite number?
False
Is 388499 prime?
True
Is 17237 a composite number?
True
Is 96374 a composite number?
True
Is 48061 composite?
True
Is 4258 composite?
True
Is 761101 composite?
True
Is 63569 a composite number?
True
Is 762199 a prime number?
False
Is 5503 prime?
True
Is 33739 a prime number?
True
Is 238691 a composite number?
False
Is 102251 a prime number?
True
Is 132159 composite?
True
Is 112045 a composite number?
True
Is 12643 a prime number?
False
Is 282907 composite?
False
Is 3691 prime?
True
Is 211 a composite number?
False
Is 14633 composite?
False
Is 27791 composite?
False
Is 20993 a composite number?
True
Is 60331 composite?
False
Is 188977 a composite number?
True
Is 704537 prime?
False
Is 692229 composite?
True
Is 942509 a prime number?
True
Is 193937 a prime number?
True
Is 3481 composite?
True
Is 169823 a prime number?
True
Is 12661 composite?
True
Is 340757 composite?
False
Is 6007 prime?
True
Is 371 a composite number?
True
Is 19813 prime?
True
Is 11177 a prime number?
True
Is 71879 composite?
False
Is 4183 prime?
False
Is 13709 composite?
False
Is 11113 a prime number?
True
Is 35 prime?
False
Is 40213 composite?
False
Is 38431 composite?
False
Is 8459 a composite number?
True
Is 15055 composite?
True
Is 50359 composite?
False
Is 757 composite?
False
Is 20239 composite?
True
Is 841727 prime?
True
Is 11405 a prime number?
False
Is 2705 composite?
True
Is 146915 composite?
True
Is 103229 composite?
True
Is 3784943 composite?
False
Is 1003045 prime?
False
Is 290401 prime?
False
Is 482179 composite?
False
Is 58013 a prime number?
True
Is 268097 a prime number?
False
Is 29123 a prime number?
True
Is 31361 a composite number?
True
Is 864359 composite?
False
Is 31765 a prime number?
False
Is 477367 prime?
False
Is 12449 composite?
True
Is 76595 composite?
True
Is 6469 a prime number?
True
Is 1186489 composite?
False
Is 57053 a prime number?
False
Is 20017 prime?
False
Is 32401 prime?
True
Is 38021 a composite number?
True
Is 477571 a prime number?
True
Is 1062053 prime?
False
Is 16271 a composite number?
True
Is 8924035 a prime number?
False
Is 2897 prime?
True
Is 125537 prime?
False
Is 2477 prime?
True
Is 2129 prime?
True
Is 12031 a prime number?
False
Is 9651 composite?
True
Is 977 a prime number?
True
Is 6809 a composite number?
True
Is 90947 composite?
False
Is 261245 prime?
False
Is 3821 a composite number?
False
Is 113263 prime?
False
Is 38723 a prime number?
True
Is 685849 composite?
False
Is 49781 a prime number?
False
Is 57871 a composite number?
True
Is 8923 a composite number?
False
Is 1315 a composite number?
True
Is 44683 prime?
True
Is 118033 composite?
False
Is 112611 composite?
True
Is 112687 composite?
False
Is 40601 prime?
False
Is 3985 a prime number?
False
Is 599657 composite?
False
Is 3937 composite?
True
Is 401567 a prime number?
True
Is 28331 prime?
False
Is 1236145 a composite number?
True
Is 1227221 a composite number?
True
Is 7919 prime?
True
Is 3293 a prime number?
False
Is 404561 a composite number?
True
Is 7529 composite?
False
Is 1237897 prime?
True
Is 9527 composite?
True
Is 323899 a composite number?
False
Is 221541 prime?
False
Is 18973 prime?
True
Is 195959 composite?
True
Is 18463 composite?
True
Is 972395 a prime number?
False
Is 2896247 prime?
True
Is 1324181 a composite number?
True
Is 11249 prime?
False
Is 571303 a composite number?
False
Is 170827 a composite number?
False
Is 41039 composite?
False
Is 26311 a composite number?
True
Is 122957 a composite number?
False
Is 1199 a prime number?
False
Is 31942 prime?
False
Is 83305 a composite number?
True
Is 10033 a composite number?
True
Is 163 composite?
False
Is 6385 a prime number?
False
Is 298063 composite?
False
Is 39131 a prime number?
False
Is 18861 a prime number?
False
Is 117587 composite?
True
Is 12197 a composite number?
False
Is 2203 composite?
False
Is 194631 prime?
False
Is 142685 a prime number?
False
Is 211583 composite?
False
Is 81157 a composite number?
False
Is 9739 a prime number?
True
Is 290201 composite?
False
Is 3223 a prime number?
False
Is 1504627 prime?
True
Is 459167 a composite number?
False
Is 487 a prime number?
True
Is 164471 prime?
True
Is 142799 a prime number?
True
Is 1002381 prime?
False
Is 20861 a prime number?
False
Is 79967 prime?
True
Is 20707 prime?
True
Is 722261 a prime number?
False
Is 55369 a prime number?
False
Is 1293169 a composite number?
False
Is 581 prime?
False
Is 126979 a composite number?
True
Is 128559 a prime number?
False
Is 114679 prime?
True
Is 180655 a composite number?
True
Is 91313 a composite number?
True
Is 7283 a composite number?
False
Is 1727 prime?
False
Is 15959 a prime number?
True
Is 761969 prime?
False
Is 383797 a composite number?
False
Is 153707 prime?
False
Is 5227 composite?
False
Is 134993 prime?
False
Is 63241 prime?
True
Is 71567 composite?
True
Is 1643 composite?
True
Is 761833 a composite number?
False
Is 59881 a composite number?
True
Is 48163 a composite number?
False
Is 36677 prime?
True
Is 5623 a composite number?
False
Is 3326 a prime number?
False
Is 1228861 a prime number?
True
Is 33911 composite?
False
Is 43331 composite?
False
Is 48383 a composite number?
False
Is 457757 a composite number?
False
Is 4073 a composite number?
False
Is 22147 composite?
False
Is 8623 a prime number?
True
Is 483409 composite?
False
Is 30617 composite?
True
Is 19378 prime?
False
Is 6329 prime?
True
Is 19601 composite?
True
Is 6107 composite?
True
Is 142315 a prime number?
False
Is 104906 a composite number?
True
Is 12853 prime?
True
Is 6905 a composite number?
True
Is 19589 prime?
False
Is 1795 composite?
True
Is 3188587 a composite number?
False
Is 178021 composite?
False
Is 38123 composite?
True
Is 133523 a prime number?
False
Is 583447 prime?
True
Is 455414 prime?
False
Is 6073 prime?
True
Is 50759 a composite number?
True
Is 31307 prime?
True
Is 35033 prime?
False
Is 149 a composite number?
False
Is 327953 a prime number?
True
Is 155455 a prime number?
False
Is 111143 prime?
True
Is 85409 composite?
True
Is 7123 prime?
False
Is 4421 a prime number?
True
Is 207731 prime?
False
Is 67601 a composite number?
False
Is 74489 a composite number?
False
Is 13033 prime?
True
Is 296437 prime?
True
Is 541 composite?
False
Is 2001281 a prime number?
True
Is 15259 a prime number?
True
Is 97141 a composite number?
True
Is 389807 composite?
True
Is 1039 prime?
True
Is 3073 prime?
False
Is 14683 composite?
False
Is 528949 composite?
True
Is 11962 a prime number?
False
Is 1425971 a prime number?
False
Is 45803 a prime number?
False
Is 1973 a composite number?
False
Is 7061 prime?
False
Is 141251 a prime number?
False
Is 34511 composite?
False
Is 98313 a prime number?
False
Is 4717 a prime number?
False
Is 2033917 composite?
True
Is 296627 a composite number?
False
Is 13381 composite?
False
Is 149 a composite number?
False
Is 13571 composite?
True
Is 380983 composite?
False
Is 158947 a composite number?
True
Is 7283 a prime number?
True
Is 6401 composite?
True
Is 3469529 prime?
False
Is 21579 prime?
False
Is 398539 prime?
True
Is 293597 a prime number?
False
Is 18143 prime?
True
Is 260569 a prime number?
True
Is 823447 a composite number?
False
Is 256117 prime?
True
Is 3761 prime?
True
Is 3559 a composite number?
False
Is 3659 prime?
True
Is 707519 a composite number?
True
Is 1993 prime?
True
Is 1081477 composite?
False
Is 25793 a prime number?
True
Is 1041 prime?
False
Is 34721 a prime number?
True
Is 37717 a composite number?
False
Is 3163 a prime number?
True
Is 389341 a prime number?
False
Is 22813 prime?
False
Is 49499 composite?
False
Is 85003 composite?
True
Is 8321 composite?
True
Is 81509 a prime number?
True
Is 274 a prime number?
False
Is 10358 a prime number?
False
Is 2049 a composite number?
True
Is 1141 a prime number?
False
Is 2124347 composite?
True
Is 245771 composite?
False
Is 7195 a prime number?
False
Is 3109 a composite number?
False
Is 550859 prime?
True
Is 12981 prime?
False
Is 31587 a composite number?
True
Is 24689 a prime number?
False
Is 227363 a composite number?
False
Is 421843 a composite number?
True
Is 8143 a prime number?
False
Is 46619 a composite number?
False
Is 194855 comp